False
Let b(x) = -x**3 + 5*x**2 + 2*x - 1. Let l = 11 - 7. Is b(l) a composite number?
False
Let a be -1 - (1 - 0)*-27. Suppose 4*m - a = 98. Is m composite?
False
Suppose -s + 76 = s. Suppose -w + 19 = 4*g, 1 = g + 4*w - 0. Let z = s - g. Is z a composite number?
True
Let m(c) = c + 4. Let s be m(-2). Suppose -3*h - 4*p - 263 = 0, s*h + 2*p + 177 = -p. Let l = -30 - h. Is l composite?
True
Suppose 4*g + 5*l - 231 = 0, -5*l + 54 = g - 0*l. Is g a prime number?
True
Let x(h) = -58*h**2 + 2*h - 2. Let p be x(2). Let d = p - -1021. Is d a prime number?
False
Let l(k) = 4*k**3 + 3*k**2 - k + 4. Suppose h + 6 = 3. Let x be l(h). Let r = x + 139. Is r a composite number?
True
Let m(h) = -2*h**3 + 3*h**2 - h + 2. Let y be m(2). Let d(c) = 11*c**2 - 4*c - 1. Is d(y) prime?
True
Let p = 831 + -449. Is p a prime number?
False
Suppose -3*u - 2*y = -4083, -4083 = -3*u - y + 6*y. Is u composite?
False
Suppose -9 = -j - 3. Let g(w) = -w**3 + 5*w**2 + 6*w + 5. Let f be g(j). Suppose 4*h - b - 270 = 0, 0*b = f*h - 2*b - 339. Is h prime?
True
Suppose 64 = -4*o + 324. Is o composite?
True
Suppose -4*d - 1872 = -84. Is d/(-1) + (2 - 0) prime?
True
Let t(p) = -2*p - 4. Let x be t(-3). Suppose x*a + 191 = 3*a. Is a a composite number?
False
Let x be 12/7 + (-12)/(-42). Suppose 2*h + 0*h - 2 = x*t, h - 1 = -4*t. Let u(g) = g**2 + 85. Is u(t) a composite number?
True
Let r = -3 + 0. Let i = r - -8. Suppose 7*k - 3*k - 4*g = 64, 25 = i*g. Is k prime?
False
Let m(x) = 2*x - 7 + 3*x + 0 + 2*x. Is m(14) a composite number?
True
Let l(z) be the first derivative of z**2 + 3*z + 2. Is l(6) prime?
False
Let f = -3191 + 5694. Is f prime?
True
Let p(y) be the third derivative of y**5/60 + y**4/3 - y**2. Let w be p(-8). Suppose w*h + 1 = -h, c = -2*h + 9. Is c composite?
False
Let b(l) = 150*l + 1. Let h be b(4). Suppose a + 1060 = 5*r, 3*r + 3*a - h - 17 = 0. Is r a prime number?
True
Suppose -82 = -5*q + 3*o, 8*o + 20 = 3*o. Is q/(-49) - 583/(-7) prime?
True
Let v = 1098 + -599. Is v a composite number?
False
Let d(h) = -h. Let b be d(-3). Suppose 25 = 5*a, -2*f - 2*a - b*a = -255. Is f a prime number?
False
Suppose 3*x - 4*f = -84, -5*f = 3*x - 0*f + 84. Suppose 4*y + 8 = 5*q, 3*y - 1 + 38 = -4*q. Let u = y - x. Is u a prime number?
False
Let d be 4/(5 + -1 - 3). Suppose -200 = -d*m - 24. Let s = m - -39. Is s prime?
True
Let s be (1 - 1)/(4 - 5). Let o = 45 + -18. Suppose -l + 62 + o = s. Is l composite?
False
Let i(x) = x**3 + 9*x**2 + x + 1. Let w be i(-6). Let n = -14 - -59. Let g = w - n. Is g composite?
True
Let g be 1 + -2 - (1 - 8). Is (-4)/6 - (-40)/g prime?
False
Let f(t) = 7*t**2 + t + 11. Let o be f(8). Suppose 5*i = g - 284, 5*g - 3*i = o + 887. Is g prime?
True
Let m = 89 + 1904. Is m composite?
False
Let z = 588 + -139. Is z composite?
False
Suppose 2*k = 4*l + 3522, 3*l - 7*l = -k + 1757. Is k composite?
True
Is (-4)/(-14) + 176238/126 prime?
True
Let d be 2/(((-9)/(-39))/3). Suppose -2*g = g - 5*x - 38, 2*x = 3*g - d. Let z(l) = 2*l**2 - 7*l + 3. Is z(g) composite?
True
Suppose -20 = -j + 6*j, -2*j = -3*l + 6737. Is l a composite number?
False
Suppose 0*k - 4*y = 3*k - 3270, -12 = 4*y. Is k a prime number?
False
Suppose -4*l + 4 = -0, 3*l + 15 = 3*o. Suppose o*z = 10*z - 644. Is z a prime number?
False
Let k(o) be the second derivative of o**8/3360 - o**7/1260 - o**6/720 + o**5/60 - o**4/12 + o. Let p(w) be the third derivative of k(w). Is p(3) composite?
True
Let a(q) = -q**2 + 3 - 6*q + 0 + 6*q**2 - 9. Is a(-5) a prime number?
True
Let q be (-4)/(-6) + 2764/12. Is (q/(-6))/(2/(-4)) a prime number?
False
Suppose -18*j + 46613 - 1559 = 0. Is j composite?
False
Let z be 3/12 + 2/(-8). Suppose -561 = -3*m - z*m. Is m prime?
False
Let h = 2 - -1. Suppose -2*m = -3*m - 3*g + 1, 36 = h*m - 2*g. Suppose 5*p - 40 = m. Is p prime?
False
Suppose 4*n + 4 = -8, -88 = -2*w - 2*n. Suppose w = s + 3*o, -5*s + 300 = 5*o + 45. Is s prime?
True
Let y = 117 + 6. Is y prime?
False
Let k be ((-3)/(-2))/(6/8). Is k/(-8) - (-77)/4 prime?
True
Let g be -2 - (225 - (-1 - 0)). Let c = -13 - g. Is c a prime number?
False
Let z = 521 + -298. Is z a composite number?
False
Suppose -4*n = 5*y - 2361, -2*n = -y + 461 - 0. Is y a prime number?
False
Let s(k) be the second derivative of k**6/120 + k**5/60 + k**4/4 - k**3/6 + k**2 - 2*k. Let g(d) be the first derivative of s(d). Is g(6) prime?
False
Suppose c + 6 = -2*n - 4*c, -2*n + 4*c + 12 = 0. Suppose -n*t - t + 1137 = 0. Is t composite?
False
Let k be (-4 + 2)/(6/2547). Let d = -2398 + 1178. Let n = k - d. Is n prime?
False
Suppose -2*z + 10 = 0, 6*c - 4*c - 3*z - 223 = 0. Is c a composite number?
True
Let j(g) be the third derivative of g**6/120 + g**5/10 - g**4/12 + 7*g**3/6 + g**2. Suppose 0*d - 2*d = 8, -2*f + d = 8. Is j(f) a prime number?
True
Let j = 65 - -1400. Is j composite?
True
Let w(h) = -2 + 2*h**2 + 8*h + 2*h**2 + 4*h**2 - 2*h**2. Is w(-6) prime?
False
Let t = -4 + 297. Is t a composite number?
False
Let s be (-1)/(-2) + 21/(-2). Let t = -7 - s. Let l(b) = b**2 + 2. Is l(t) composite?
False
Let u(g) = 16*g - 1. Let z = -5 - -7. Suppose 3*d - z = 2*l, 2*l - 14 = -4*d - l. Is u(d) a prime number?
True
Let j = 1179 - 484. Is j a prime number?
False
Let f = -7 - -5. Is 3*f/(-12)*298 a composite number?
False
Let l = 25 - 8. Suppose -5*b + 27 = 3*o - 0*b, 2*o + 3*b = l. Suppose -23 - 87 = -5*p + 5*u, p - 27 = -o*u. Is p a composite number?
False
Let o = -570 + 1483. Is o prime?
False
Let c(g) be the first derivative of g**3/3 - 5*g**2/2 + 5*g - 1. Let v be c(5). Is 148/20 - 2/v composite?
False
Let c(b) = -b**2 - 7*b + 7. Let t be c(-7). Suppose t*f - 8 = 3*f. Suppose 45 = 7*d - f*d. Is d a composite number?
True
Suppose 4*a = 40 + 348. Is a a composite number?
False
Is (-22 + 1)*(-134)/6 a composite number?
True
Let j = -14 - -20. Is 999/6*j/9 a composite number?
True
Suppose 0 = 4*a - 66 - 74. Let r = -9 + a. Is r composite?
True
Is (-16605)/(-6) - ((-21)/(-6) + -3) a composite number?
False
Suppose -301 = 4*j - 5*u, 0 = j + 2*u - u + 64. Let t(h) = -25*h - 9. Let w be t(7). Let b = j - w. Is b prime?
False
Let a(h) = h + 55. Suppose 6 = -4*g - 3*r, -g - 8 = -r + 5*r. Let i be a(g). Suppose 5*m - 40 = i. Is m prime?
True
Is 6993/14 + (-1)/2 composite?
False
Let u(q) = 284*q. Let v be u(1). Let t = v - 179. Suppose t - 3 = 3*c + 3*x, 182 = 5*c + x. Is c a prime number?
True
Let q(v) = -3*v**3 - 2*v**2 - 5*v - 5. Is q(-7) a prime number?
False
Suppose 3*p + 6 = -0, -i - 2*p = 126. Let a = i + 64. Let q = a + 137. Is q a prime number?
True
Suppose 3*n - i - 6211 - 1842 = 0, 0 = -n + i + 2687. Is n composite?
False
Suppose 659 + 358 = 3*s. Is s prime?
False
Suppose 2*c + c + 2*v = 11, 2*c = -4*v + 18. Let q be 1786/8 - c/4. Let d = -156 + q. Is d prime?
True
Suppose -4*q + 86 = -d, -5*d = q - 2*q + 31. Suppose r - q = -0*r. Suppose 24 + r = 3*v. Is v composite?
True
Let r(d) = 5*d**2 + 2*d + 5. Let u be r(5). Suppose w = -0 + 2. Suppose -w*m = 30 - u. Is m prime?
False
Suppose 7*x + 4*k = 4*x - 3, 2*x + 3*k = -3. Suppose 2*v - 3*z = 62, z - 100 + 29 = -x*v. Is v a composite number?
True
Let l(h) = 3*h**2 + 2. Suppose 4*u - 2*i + 20 = 0, -2*i - 36 = u + 3*u. Let p = -14 - u. Is l(p) composite?
False
Let z(x) be the first derivative of -x**7/840 + x**6/40 + x**4/4 + x**3/3 - 1. Let w(s) be the third derivative of z(s). Is w(9) composite?
True
Let y = -10 - -12. Is 3/y + 338/4 a prime number?
False
Let m(c) = -c**2 - 2*c - 12. Let u(y) = -y**2 - 5*y - 23. Let n(s) = -5*m(s) + 3*u(s). Let z be (-28)/5 - 4/10. Is n(z) prime?
False
Suppose -5*x - 4*y + 0*y = -3071, 0 = 3*x + 2*y - 1843. Suppose -3*r = -0*r - x. Is r composite?
True
Let o(z) = 2*z. Let s be o(2). Suppose 5*k = k - s. Is (-89)/k + 0/(-2) a prime number?
True
Let b = 14 - 28. Is 4/b - 1119/(-21) composite?
False
Suppose 2*g = 3*u - 4 + 20, 4*u - 3*g = -23. Is u/(16/(-1012))*2 prime?
False
Let q be (-278)/5 + 8/(-20). Let v be q/(-21) + 2/(-3). Is 1/v*4 + 33 prime?
False
Let t(k) = 157*k**3 + 4*k**2 - 7*k + 1. Is t(2) composite?
False
Let r(c) = -15*c**3 + 6*c + 2. Is r(-3) a prime number?
True
Let t = -38 + 17. Let p be (-38)/(-1 - 0) - -2. Let j = t + p. Is j a composite number?
False
Let q = 26 + -6. Suppose 5*v + 3*m - 30 - 2 = 0, -3*v + q = m. Is v a prime num